 of p?
5
Suppose 29*n - 4464 = 11*n. Let m = n - 120. What is the units digit of m?
8
Suppose 21*u + 3*u + 29*u = 375982. What is the hundreds digit of u?
0
Let g(o) be the third derivative of 3*o**6/40 - o**5/60 + o**4/8 - o**3/3 + 370*o**2. Let n be ((-4)/10)/((-1)/5). What is the tens digit of g(n)?
7
Suppose -7*z = -11*z. Suppose z = -o - 3*o + 5*p + 1646, -2053 = -5*o + 4*p. What is the units digit of o?
9
Let n(z) = -z**3 - 11*z**2 + 30*z - 3. Let t be n(-12). Let h = t - -459. What is the hundreds digit of h?
2
Let c = -323 + 7413. What is the units digit of c?
0
Let i be (-644)/69 - (-2)/6. What is the tens digit of 4/(-1) + i/((-27)/444)?
4
Let n = 157 - 168. Let a(p) = -78*p - 124. What is the tens digit of a(n)?
3
Let l = 117 + -108. Let i(q) = -2*q + 23. Let p be i(l). Suppose p*u + 43 = 828. What is the hundreds digit of u?
1
Suppose 5*p = 0, 0*o - 2*p + 30 = 5*o. Suppose x + 3*x = -5*y + o, 0 = 3*x + 2*y - 1. What is the units digit of (-4*(-53)/4)/(x/(-1))?
3
Suppose 0 = -23*g - 59*g - 24*g + 20882. What is the hundreds digit of g?
1
Let w = 718 + -158. Let p = w + -1078. Let n = -354 - p. What is the units digit of n?
4
Let j = -43428 + 66588. What is the units digit of j?
0
Let f be -1 - 3 - -6 - 8. What is the hundreds digit of (-2165)/25*(f + 1)?
4
Suppose 0 = -24*b + 64002 - 2490. What is the tens digit of b?
6
Let h(s) = 5*s**2 + 6*s + 626. What is the hundreds digit of h(-24)?
3
Let n(h) = 2 + 3*h - 2*h**2 + 0*h - h**2 + h**3. Suppose -26*s = -20*s - 12. What is the units digit of n(s)?
4
Suppose 0 = -2*n - 4*p + 32308, -80755 = -118*n + 113*n + 5*p. What is the units digit of n?
2
What is the hundreds digit of 366 + (32 + 4)/3?
3
Suppose -5*x = -5*u + 3895, -1984 - 1913 = -5*u + 3*x. Suppose -4*k + u = -244. Suppose 2*b + 40 = k. What is the tens digit of b?
0
Suppose 2*v + 2894 = -3*z, 7*z - 5*v = 5*z - 1942. What is the hundreds digit of -14 + 14 + z/(-2 - 0)?
4
Suppose -2*s + 40 + 52 = 0. Let f = s - -288. What is the tens digit of f?
3
Suppose -3*s - 2*o - 31 = 0, 0*s + 3*s + 46 = -5*o. What is the tens digit of s/(49/(-2))*1708?
8
Let j(i) = -2398*i + 9467. What is the hundreds digit of j(-8)?
6
Let k(p) be the first derivative of 25*p**3/3 + 4*p - 4. Let b be k(2). Suppose 0 = 13*i - 17*i + b. What is the tens digit of i?
2
What is the hundreds digit of 2805528/308 - 1/(-7)?
1
Let j(s) = 19*s + 1569. Let v be j(0). Let o = 2689 - v. What is the thousands digit of o?
1
Suppose 13*j = -5*p + 11*j + 166183, -5*p + j + 166186 = 0. What is the units digit of p?
7
Let j be ((-7)/(-21))/(6/180). Suppose -j*x - 4293 = -19*x. What is the hundreds digit of x?
4
Let o be (-1 - 1)*(1 + (-25)/(-10)). Let s be (5/(-4))/(o/(-28)). What is the units digit of 18 - (s - -4)*-1?
7
Suppose 20*k - 19*k + 370 = 0. Let l = -185 - k. What is the tens digit of l?
8
Let p be (-1*(-278)/(-8))/(5/(-140)). Let o = -553 + p. Suppose -3*r - r + 3*l + o = 0, -4*r = 5*l - 388. What is the units digit of r?
2
Let g = 46 - -1056. What is the hundreds digit of g?
1
Let q(v) = 3120*v - 402. What is the units digit of q(2)?
8
Let q(t) be the first derivative of -t**4/4 - 2*t**3/3 + 496*t - 86. What is the tens digit of q(0)?
9
Let y(f) = -f**3 + 27*f**2 + 146*f - 2357. What is the tens digit of y(27)?
8
Let u = 74622 - 39636. What is the ten thousands digit of u?
3
Suppose 0 = 17*g + 99 + 190. What is the tens digit of 13*(-6 + -1 - g)?
3
Suppose 3*z + 8423 = -268. Let m = -1936 - z. What is the hundreds digit of m?
9
Suppose 3*c - 954 = 2*m, 0 = -12*m + 10*m + 6. What is the units digit of ((-30)/75)/((-1)/c)?
8
Let c be (-8834)/147 + (-6)/(-63). Let d be (c/(-9))/((-1)/(540/3)). What is the tens digit of (-11)/(22/d)*6/15?
4
Suppose 5*g + 131 = 31. What is the units digit of ((-8)/g)/(1/810)?
4
Let d = -7787 + 12355. What is the thousands digit of d?
4
Let p = 30901 - 14881. What is the tens digit of p?
2
What is the tens digit of (-2280 + 2)/((-25)/75)?
3
Let m(w) = 933*w - 1648. What is the units digit of m(11)?
5
Let w(z) = -6*z**2 - 210*z - 250. Let k(o) = -o**2 - 42*o - 50. Let h(i) = -11*k(i) + 2*w(i). What is the hundreds digit of h(24)?
4
Let g(l) = 4*l**2 - 7*l**2 - 139 + 2*l**3 - l**3 - 801*l + 811*l. What is the units digit of g(13)?
1
Let z(k) = -255*k - 2369. What is the tens digit of z(-58)?
2
Let w(q) = -q - 19. Let s be w(-22). Suppose -s*d + 275 = 38. What is the units digit of d?
9
Let j(h) be the third derivative of h**6/120 + h**5/4 + 7*h**4/24 + 28*h**3/3 - 27*h**2 + h. What is the hundreds digit of j(-12)?
4
Suppose 177*y - 174*y - 13046 = -5*k, 2*y + 6 = 0. What is the thousands digit of k?
2
Let j(b) = -242*b**3 + 3*b**2 + 9*b + 15. Let v(s) = -s**3 + 47*s**2 - 130*s - 90. Let i be v(44). What is the tens digit of j(i)?
4
Let v = -191 - -184. Let j(s) = -s**3 - 8*s + 14. What is the units digit of j(v)?
3
Suppose -24*a + 15*a = 42*a - 627555. What is the thousands digit of a?
2
Suppose 2*f + 6 = 0, -89*r + 92*r - 3*f = 18225. What is the hundreds digit of r?
0
Let d(g) = 506*g + 47. Let l be d(8). Suppose l = 6*o + o. What is the units digit of o?
5
Let x be (-1196)/117 + (-2)/(-9). Let n(m) = -51*m - 17. What is the units digit of n(x)?
3
Let x(b) = -b**2 + 11*b - 42. Let z be x(14). Let n be (-8)/14 - (-204)/z. What is the tens digit of 181 - n/(-2)*-2?
8
Suppose 257176 = 53*y + 9*y. What is the units digit of y?
8
Let s(o) = 1271*o**2 - 10*o + 66. What is the thousands digit of s(3)?
1
Suppose 2*z + 4*l + 22 = 0, 11*l = -5*z + 15*l + 15. Let u(a) = a**3 - 7*a**2 - 9*a + 11. Let j be u(8). What is the units digit of 121*j*z/(-3)?
1
What is the units digit of ((-544)/(-51))/(-16)*-29424?
6
Suppose -5*a = -6*a + 3, a = -3*k + 93. Let j = k + 610. What is the units digit of j?
0
Let t(s) = 8*s + 153. Let a(m) = -35*m - 610. Let r(p) = -4*a(p) - 15*t(p). What is the tens digit of r(34)?
2
Suppose 90*h + 139874 = -67*h + 942615. What is the thousands digit of h?
5
Suppose 75 + 173 = 5*o + m, -3*o - m = -150. Let p = 52 - o. Suppose 63 = q - 3*b, 2*q + p*b - 166 = b. What is the units digit of q?
8
Let a = -5618 + 55462. What is the hundreds digit of a?
8
Let v(q) = q**3 + 128*q**2 + 320*q - 95. What is the units digit of v(-125)?
0
Let q = -1237 + 1962. Suppose i = -3*b + q, i = -3*i - 5*b + 2935. What is the units digit of i?
0
Let z(a) = -a**2 + 924*a + 3. What is the tens digit of z(8)?
3
What is the hundreds digit of 269668/22 + (-14 - (-3160)/220)?
2
Suppose -11*r + 18 = -4. Suppose 5*g + 1576 = 2*x, 3*g + 2355 = r*x + x. What is the tens digit of x?
8
Suppose -2*n - 4 + 14 = 0, -g - 23 = -5*n. Suppose h + g*p = 587, 5*p - 192 = -h + 410. What is the tens digit of h?
7
Let a = 71900 + -29039. What is the hundreds digit of a?
8
Let x(t) = -3*t**3 - 9*t**2 + 16*t + 17. Let f be x(-5). Suppose 80*z + 1036 = f*z. What is the tens digit of z?
4
Let d(f) = 2*f**2 + 10*f + 31. Let p be 3/((-45)/246) + 4/10. What is the hundreds digit of d(p)?
3
Let y = -13025 + 20629. What is the thousands digit of y?
7
Let i(t) = -31*t - 10. Let k be i(10). Let g = -148 - k. Suppose h - 2*h + g = 0. What is the units digit of h?
2
Let u = 1729 - 1710. What is the units digit of u?
9
Suppose 30008 = 2*f - 5*l, -321*l + 323*l = 2*f - 30026. What is the ten thousands digit of f?
1
Let c(i) = 121 + 6*i + 133 - 3*i - 84. What is the hundreds digit of c(10)?
2
Let j(h) be the third derivative of 385*h**4/24 + 49*h**3/6 - 128*h**2. What is the tens digit of j(3)?
0
Suppose 5*r - 3*r - 22340 = -4*m, 5*m = 5*r - 55865. What is the hundreds digit of r?
1
Let h = -29810 - -46471. What is the ten thousands digit of h?
1
Let i = -69 - -65. Let x(m) = -344*m + 2. Let w be x(i). Suppose 0 = 9*s - 107 - w. What is the tens digit of s?
6
Suppose -231*k + 4111040 = -232465 - 668271. What is the hundreds digit of k?
6
Let q be ((-146)/(-12))/((-8)/(-80))*3. Suppose u - q = -10. What is the tens digit of u?
5
Suppose 3*n - 1466 = -g, 4*g - n = 4*n + 5830. Suppose -2*v + h = -725, -4*v + 8*v - 4*h - g = 0. What is the units digit of v?
0
Let w(j) = j**2 - 2*j - 13. Suppose r = 3*y + 68, 2*y = -0*y + r - 45. Let z = y + 14. What is the tens digit of w(z)?
8
Suppose -5*p + 7*p = 8. Suppose 4*c + 3*j = 567, 8*c - j = p*c + 547. What is the units digit of c?
8
Suppos